{"id":173,"date":"2022-08-28T15:30:26","date_gmt":"2022-08-28T15:30:26","guid":{"rendered":"https:\/\/www.hirtl.store\/wpress\/?page_id=173"},"modified":"2022-08-28T16:14:39","modified_gmt":"2022-08-28T16:14:39","slug":"mantel-no-iii","status":"publish","type":"page","link":"https:\/\/www.hirtl.store\/wpress\/index.php\/mantel-no-iii\/","title":{"rendered":"Mantel No. III"},"content":{"rendered":"\n<div style=\"height:17px\" aria-hidden=\"true\" class=\"wp-block-spacer\"><\/div>\n\n\n\n<figure class=\"wp-block-image size-large\"><img loading=\"lazy\" decoding=\"async\" width=\"938\" height=\"1024\" src=\"https:\/\/www.hirtl.store\/wpress\/wp-content\/uploads\/2022\/08\/DSC_0113-938x1024.jpg\" alt=\"\" class=\"wp-image-178\" srcset=\"https:\/\/www.hirtl.store\/wpress\/wp-content\/uploads\/2022\/08\/DSC_0113-938x1024.jpg 938w, https:\/\/www.hirtl.store\/wpress\/wp-content\/uploads\/2022\/08\/DSC_0113-275x300.jpg 275w, https:\/\/www.hirtl.store\/wpress\/wp-content\/uploads\/2022\/08\/DSC_0113-768x839.jpg 768w, https:\/\/www.hirtl.store\/wpress\/wp-content\/uploads\/2022\/08\/DSC_0113-1407x1536.jpg 1407w, https:\/\/www.hirtl.store\/wpress\/wp-content\/uploads\/2022\/08\/DSC_0113-1875x2048.jpg 1875w\" sizes=\"auto, (max-width: 938px) 100vw, 938px\" \/><\/figure>\n\n\n\n<p>Der <em>Mantel No. III<\/em> ist ein Designermantel aus ganz besonderem Stoff. Er wird genauso wie unsere Hamden oder Blusen auf ihre Ma\u00dfe angefertigt.<\/p>\n\n\n\n<div style=\"height:15px\" aria-hidden=\"true\" class=\"wp-block-spacer\"><\/div>\n\n\n\n<figure class=\"wp-block-gallery has-nested-images columns-default is-cropped wp-block-gallery-1 is-layout-flex wp-block-gallery-is-layout-flex\">\n<figure class=\"wp-block-image size-large\"><img loading=\"lazy\" decoding=\"async\" width=\"1024\" height=\"681\" data-id=\"181\" src=\"https:\/\/www.hirtl.store\/wpress\/wp-content\/uploads\/2022\/08\/DSC_0155-1024x681.jpg\" alt=\"\" class=\"wp-image-181\" srcset=\"https:\/\/www.hirtl.store\/wpress\/wp-content\/uploads\/2022\/08\/DSC_0155-1024x681.jpg 1024w, https:\/\/www.hirtl.store\/wpress\/wp-content\/uploads\/2022\/08\/DSC_0155-300x199.jpg 300w, https:\/\/www.hirtl.store\/wpress\/wp-content\/uploads\/2022\/08\/DSC_0155-768x511.jpg 768w, https:\/\/www.hirtl.store\/wpress\/wp-content\/uploads\/2022\/08\/DSC_0155-1536x1021.jpg 1536w, https:\/\/www.hirtl.store\/wpress\/wp-content\/uploads\/2022\/08\/DSC_0155-2048x1362.jpg 2048w\" sizes=\"auto, (max-width: 1024px) 100vw, 1024px\" \/><\/figure>\n\n\n\n<figure class=\"wp-block-image size-large\"><img loading=\"lazy\" decoding=\"async\" width=\"1024\" height=\"681\" data-id=\"182\" src=\"https:\/\/www.hirtl.store\/wpress\/wp-content\/uploads\/2022\/08\/DSC_0223-1024x681.jpg\" alt=\"\" class=\"wp-image-182\" srcset=\"https:\/\/www.hirtl.store\/wpress\/wp-content\/uploads\/2022\/08\/DSC_0223-1024x681.jpg 1024w, https:\/\/www.hirtl.store\/wpress\/wp-content\/uploads\/2022\/08\/DSC_0223-300x199.jpg 300w, https:\/\/www.hirtl.store\/wpress\/wp-content\/uploads\/2022\/08\/DSC_0223-768x511.jpg 768w, https:\/\/www.hirtl.store\/wpress\/wp-content\/uploads\/2022\/08\/DSC_0223-1536x1021.jpg 1536w, https:\/\/www.hirtl.store\/wpress\/wp-content\/uploads\/2022\/08\/DSC_0223-2048x1362.jpg 2048w\" sizes=\"auto, (max-width: 1024px) 100vw, 1024px\" \/><\/figure>\n\n\n\n<figure class=\"wp-block-image size-large\"><img loading=\"lazy\" decoding=\"async\" width=\"1024\" height=\"681\" data-id=\"183\" src=\"https:\/\/www.hirtl.store\/wpress\/wp-content\/uploads\/2022\/08\/DSC_0228-1024x681.jpg\" alt=\"\" class=\"wp-image-183\" srcset=\"https:\/\/www.hirtl.store\/wpress\/wp-content\/uploads\/2022\/08\/DSC_0228-1024x681.jpg 1024w, https:\/\/www.hirtl.store\/wpress\/wp-content\/uploads\/2022\/08\/DSC_0228-300x199.jpg 300w, https:\/\/www.hirtl.store\/wpress\/wp-content\/uploads\/2022\/08\/DSC_0228-768x511.jpg 768w, https:\/\/www.hirtl.store\/wpress\/wp-content\/uploads\/2022\/08\/DSC_0228-1536x1021.jpg 1536w, https:\/\/www.hirtl.store\/wpress\/wp-content\/uploads\/2022\/08\/DSC_0228-2048x1362.jpg 2048w\" sizes=\"auto, (max-width: 1024px) 100vw, 1024px\" \/><\/figure>\n\n\n\n<figure class=\"wp-block-image size-large\"><img loading=\"lazy\" decoding=\"async\" width=\"1024\" height=\"736\" data-id=\"184\" src=\"https:\/\/www.hirtl.store\/wpress\/wp-content\/uploads\/2022\/08\/DSC_0245-1024x736.jpg\" alt=\"\" class=\"wp-image-184\" srcset=\"https:\/\/www.hirtl.store\/wpress\/wp-content\/uploads\/2022\/08\/DSC_0245-1024x736.jpg 1024w, https:\/\/www.hirtl.store\/wpress\/wp-content\/uploads\/2022\/08\/DSC_0245-300x216.jpg 300w, https:\/\/www.hirtl.store\/wpress\/wp-content\/uploads\/2022\/08\/DSC_0245-768x552.jpg 768w, https:\/\/www.hirtl.store\/wpress\/wp-content\/uploads\/2022\/08\/DSC_0245-1536x1104.jpg 1536w, https:\/\/www.hirtl.store\/wpress\/wp-content\/uploads\/2022\/08\/DSC_0245-2048x1471.jpg 2048w\" sizes=\"auto, (max-width: 1024px) 100vw, 1024px\" \/><\/figure>\n\n\n\n<figure class=\"wp-block-image size-large\"><img loading=\"lazy\" decoding=\"async\" width=\"1024\" height=\"681\" data-id=\"185\" src=\"https:\/\/www.hirtl.store\/wpress\/wp-content\/uploads\/2022\/08\/DSC_0272-1024x681.jpg\" alt=\"\" class=\"wp-image-185\" srcset=\"https:\/\/www.hirtl.store\/wpress\/wp-content\/uploads\/2022\/08\/DSC_0272-1024x681.jpg 1024w, https:\/\/www.hirtl.store\/wpress\/wp-content\/uploads\/2022\/08\/DSC_0272-300x199.jpg 300w, https:\/\/www.hirtl.store\/wpress\/wp-content\/uploads\/2022\/08\/DSC_0272-768x511.jpg 768w, https:\/\/www.hirtl.store\/wpress\/wp-content\/uploads\/2022\/08\/DSC_0272-1536x1021.jpg 1536w, https:\/\/www.hirtl.store\/wpress\/wp-content\/uploads\/2022\/08\/DSC_0272-2048x1362.jpg 2048w\" sizes=\"auto, (max-width: 1024px) 100vw, 1024px\" \/><\/figure>\n<\/figure>\n\n\n\n<p>Auf die Details kommt es an. Wenn ihr Handy etwas gr\u00f6\u00dfer ist, dann passen wir die Taschengr\u00f6\u00dfe entsprechend an, und das ist nur ein Beispiel.<\/p>\n","protected":false},"excerpt":{"rendered":"<p>Der Mantel No. III ist ein Designermantel aus ganz besonderem Stoff. Er wird genauso wie unsere Hamden oder Blusen auf ihre Ma\u00dfe angefertigt. Auf die Details kommt es an. Wenn ihr Handy etwas gr\u00f6\u00dfer ist, dann passen wir die Taschengr\u00f6\u00dfe entsprechend an, und das ist nur ein Beispiel.<\/p>\n","protected":false},"author":1,"featured_media":0,"parent":0,"menu_order":0,"comment_status":"closed","ping_status":"closed","template":"","meta":{"footnotes":""},"class_list":["post-173","page","type-page","status-publish","hentry"],"_links":{"self":[{"href":"https:\/\/www.hirtl.store\/wpress\/index.php\/wp-json\/wp\/v2\/pages\/173","targetHints":{"allow":["GET"]}}],"collection":[{"href":"https:\/\/www.hirtl.store\/wpress\/index.php\/wp-json\/wp\/v2\/pages"}],"about":[{"href":"https:\/\/www.hirtl.store\/wpress\/index.php\/wp-json\/wp\/v2\/types\/page"}],"author":[{"embeddable":true,"href":"https:\/\/www.hirtl.store\/wpress\/index.php\/wp-json\/wp\/v2\/users\/1"}],"replies":[{"embeddable":true,"href":"https:\/\/www.hirtl.store\/wpress\/index.php\/wp-json\/wp\/v2\/comments?post=173"}],"version-history":[{"count":6,"href":"https:\/\/www.hirtl.store\/wpress\/index.php\/wp-json\/wp\/v2\/pages\/173\/revisions"}],"predecessor-version":[{"id":203,"href":"https:\/\/www.hirtl.store\/wpress\/index.php\/wp-json\/wp\/v2\/pages\/173\/revisions\/203"}],"wp:attachment":[{"href":"https:\/\/www.hirtl.store\/wpress\/index.php\/wp-json\/wp\/v2\/media?parent=173"}],"curies":[{"name":"wp","href":"https:\/\/api.w.org\/{rel}","templated":true}]}}